{"id":76,"date":"2024-02-10T22:33:16","date_gmt":"2024-02-10T21:33:16","guid":{"rendered":"https:\/\/bnb-lemariage.fr\/?page_id=76"},"modified":"2024-02-11T12:16:46","modified_gmt":"2024-02-11T11:16:46","slug":"le-theme-et-le-dress-code","status":"publish","type":"page","link":"https:\/\/bnb-lemariage.fr\/index.php\/le-theme-et-le-dress-code\/","title":{"rendered":"Le Th\u00e8me et le Dress-Code"},"content":{"rendered":"\n<h2 class=\"wp-block-heading\">Le Th\u00e8me :<\/h2>\n\n\n\n<p>Replongez-vous dans vos &#8220;Fan de&#8221; pour les plus jeunes, ou dans les ann\u00e9es 90 pour faire plus simple. Oui, nous ne sommes &#8220;pas jeunes&#8221; dans nos t\u00eates et c&#8217;est vrai que c&#8217;\u00e9tait mieux avant (ceci n&#8217;est pas ouvert \u00e0 la discussion).<\/p>\n\n\n\n<p>Avant, dans les ann\u00e9es 90 notamment, si personne n&#8217;avait encore trouv\u00e9 comment bien tailler une veste de costard et que la coupe au bol \u00e9tait une mode et pas une n\u00e9cessit\u00e9 pour cacher le manque de talent de la coiffeuse (kassd\u00e9di \u00e0 qui se reconna\u00eetra), au moins, on avait de la couleur ! De vraies couleurs qui p\u00eatent.<\/p>\n\n\n\n<p>Et puis niveau musique, faut dire que c&#8217;\u00e9tait autre chose. Les chanteurs avaient les tablettes apparentes et personne ne parlait des crop-top qu&#8217;avaient pourtant les filles \u00e9pic\u00e9es. Oui, ok, on ne parle pas de musique l\u00e0 mais \u00e7a faisait partie du package. Et puis les paroles \u00e9taient quand m\u00eame profondes&#8230; \u00e0 tel point que m\u00eame Aya Nakamura s&#8217;en inspire. Ok, on a rien dit.<\/p>\n\n\n\n<p>Bref, on veut s&#8217;amuser sans se prendre la t\u00eate. Avoir du rouge, du bleu ou du orange qui feraient t\u00e2che sur le profil insta d&#8217;une influenceuse bien-\u00eatre, voir la vie en couleurs ! Oui, \u00e7a suffit pour faire un th\u00e8me (sinon retour \u00e0 la premi\u00e8re phrase de ce paragraphe).<\/p>\n\n\n\n<h2 class=\"wp-block-heading\">Le Dress-Code<\/h2>\n\n\n\n<p>Vous l&#8217;avez compris, on insistera plus sur la couleur mais on ne vous force pas. On ne vous force pas non plus \u00e0 re-rentrer dans vos costumes d&#8217;alors (ne nous mentez pas). <em>Come as you are<\/em>, qu&#8217;ils disaient dans les ann\u00e9es 90 (sans le jean trou\u00e9 de Kurt Cobain svp).<\/p>\n\n\n\n<p>Le costume n&#8217;est pas obligatoire pour les hommes, les baskets sont tol\u00e9r\u00e9es (tant qu&#8217;elles ont \u00e9t\u00e9 nettoy\u00e9es depuis le match contre St-P\u00e9e-sur-Nivelle). Chez les femmes, robe, tailleur, on s&#8217;en fiche mais si vous tentez le crop-top, r\u00e9visez la chor\u00e9e de Wannabe, \u00e7a vous servira.<\/p>\n\n\n\n<p>On aimerait juste (et des mesures de r\u00e9torsion pourraient s&#8217;appliquer) que vous laissiez \u00e0 l&#8217;heureuse mari\u00e9e l&#8217;honneur d&#8217;\u00eatre la seule \u00e0 se parer de blanc (en vrai le mari\u00e9 qui \u00e9crit \u00e7a ne sait pas du tout comment elle sera habill\u00e9e).<\/p>\n\n\n\n<p>Illustration : 50 Shades of Blanc pour ceux qui veulent avoir des pr\u00e9cisions :<\/p>\n\n\n<div class=\"wp-block-image\">\n<figure class=\"aligncenter size-full\"><img loading=\"lazy\" decoding=\"async\" width=\"1000\" height=\"100\" src=\"https:\/\/bnb-lemariage.fr\/wp-content\/uploads\/2024\/02\/Blanc.jpg\" alt=\"\" class=\"wp-image-77\" srcset=\"https:\/\/bnb-lemariage.fr\/wp-content\/uploads\/2024\/02\/Blanc.jpg 1000w, https:\/\/bnb-lemariage.fr\/wp-content\/uploads\/2024\/02\/Blanc-300x30.jpg 300w, https:\/\/bnb-lemariage.fr\/wp-content\/uploads\/2024\/02\/Blanc-768x77.jpg 768w\" sizes=\"auto, (max-width: 767px) 89vw, (max-width: 1000px) 54vw, (max-width: 1071px) 543px, 580px\" \/><\/figure>\n<\/div>\n\n\n<p>Allez on vous donne plus d&#8217;indices avec une palette des couleurs pr\u00e9sentes :<\/p>\n\n\n<div class=\"wp-block-image\">\n<figure class=\"aligncenter size-full\"><img loading=\"lazy\" decoding=\"async\" width=\"272\" height=\"140\" src=\"https:\/\/bnb-lemariage.fr\/wp-content\/uploads\/2024\/02\/Couleurs-copie.jpg\" alt=\"\" class=\"wp-image-81\"\/><\/figure>\n<\/div>","protected":false},"excerpt":{"rendered":"<p>Le Th\u00e8me : Replongez-vous dans vos &#8220;Fan de&#8221; pour les plus jeunes, ou dans les ann\u00e9es 90 pour faire plus simple. Oui, nous ne sommes &#8220;pas jeunes&#8221; dans nos t\u00eates et c&#8217;est vrai que c&#8217;\u00e9tait mieux avant (ceci n&#8217;est pas ouvert \u00e0 la discussion). Avant, dans les ann\u00e9es 90 notamment, si personne n&#8217;avait encore trouv\u00e9 &hellip; <\/p>\n<p class=\"link-more\"><a href=\"https:\/\/bnb-lemariage.fr\/index.php\/le-theme-et-le-dress-code\/\" class=\"more-link\">Continue reading<span class=\"screen-reader-text\"> &#8220;Le Th\u00e8me et le Dress-Code&#8221;<\/span><\/a><\/p>\n","protected":false},"author":1,"featured_media":0,"parent":0,"menu_order":0,"comment_status":"closed","ping_status":"closed","template":"","meta":{"footnotes":""},"class_list":["post-76","page","type-page","status-publish","hentry"],"_links":{"self":[{"href":"https:\/\/bnb-lemariage.fr\/index.php\/wp-json\/wp\/v2\/pages\/76","targetHints":{"allow":["GET"]}}],"collection":[{"href":"https:\/\/bnb-lemariage.fr\/index.php\/wp-json\/wp\/v2\/pages"}],"about":[{"href":"https:\/\/bnb-lemariage.fr\/index.php\/wp-json\/wp\/v2\/types\/page"}],"author":[{"embeddable":true,"href":"https:\/\/bnb-lemariage.fr\/index.php\/wp-json\/wp\/v2\/users\/1"}],"replies":[{"embeddable":true,"href":"https:\/\/bnb-lemariage.fr\/index.php\/wp-json\/wp\/v2\/comments?post=76"}],"version-history":[{"count":5,"href":"https:\/\/bnb-lemariage.fr\/index.php\/wp-json\/wp\/v2\/pages\/76\/revisions"}],"predecessor-version":[{"id":98,"href":"https:\/\/bnb-lemariage.fr\/index.php\/wp-json\/wp\/v2\/pages\/76\/revisions\/98"}],"wp:attachment":[{"href":"https:\/\/bnb-lemariage.fr\/index.php\/wp-json\/wp\/v2\/media?parent=76"}],"curies":[{"name":"wp","href":"https:\/\/api.w.org\/{rel}","templated":true}]}}